ided by 18?
16
Calculate the remainder when 24 is divided by 10.
4
What is the remainder when 2614 is divided by 6?
4
Calculate the remainder when 449 is divided by 261.
188
Calculate the remainder when 2085 is divided by 693.
6
Calculate the remainder when 13194 is divided by 145.
144
What is the remainder when 395 is divided by 40?
35
Calculate the remainder when 167 is divided by 13.
11
Calculate the remainder when 213 is divided by 24.
21
What is the remainder when 194 is divided by 25?
19
Calculate the remainder when 257 is divided by 65.
62
Calculate the remainder when 1537 is divided by 27.
25
Calculate the remainder when 6722 is divided by 83.
82
What is the remainder when 384 is divided by 132?
120
Calculate the remainder when 564 is divided by 187.
3
What is the remainder when 93 is divided by 16?
13
Calculate the remainder when 5271 is divided by 5.
1
What is the remainder when 13 is divided by 6?
1
Calculate the remainder when 100 is divided by 14.
2
What is the remainder when 566 is divided by 71?
69
What is the remainder when 492 is divided by 260?
232
Calculate the remainder when 772 is divided by 144.
52
Calculate the remainder when 427 is divided by 154.
119
Calculate the remainder when 87 is divided by 4.
3
What is the remainder when 296 is divided by 23?
20
Calculate the remainder when 971 is divided by 61.
56
What is the remainder when 3507 is divided by 39?
36
What is the remainder when 47 is divided by 37?
10
What is the remainder when 652 is divided by 84?
64
Calculate the remainder when 730 is divided by 121.
4
Calculate the remainder when 546 is divided by 157.
75
Calculate the remainder when 84 is divided by 19.
8
Calculate the remainder when 404 is divided by 34.
30
What is the remainder when 523 is divided by 15?
13
What is the remainder when 154 is divided by 8?
2
What is the remainder when 12123 is divided by 258?
255
What is the remainder when 127 is divided by 22?
17
What is the remainder when 343 is divided by 58?
53
What is the remainder when 1176 is divided by 109?
86
Calculate the remainder when 65 is divided by 20.
5
Calculate the remainder when 1220 is divided by 37.
36
Calculate the remainder when 87 is divided by 30.
27
Calculate the remainder when 472 is divided by 218.
36
Calculate the remainder when 56446 is divided by 112.
110
What is the remainder when 3771 is divided by 84?
75
What is the remainder when 368 is divided by 97?
77
What is the remainder when 1178 is divided by 9?
8
What is the remainder when 299 is divided by 108?
83
Calculate the remainder when 1493 is divided by 94.
83
What is the remainder when 755 is divided by 4?
3
Calculate the remainder when 206 is divided by 46.
22
Calculate the remainder when 8 is divided by 6.
2
What is the remainder when 1555 is divided by 55?
15
What is the remainder when 3195 is divided by 78?
75
What is the remainder when 13653 is divided by 36?
9
What is the remainder when 518 is divided by 66?
56
What is the remainder when 115 is divided by 12?
7
What is the remainder when 1230 is divided by 44?
42
Calculate the remainder when 263 is divided by 19.
16
Calculate the remainder when 506 is divided by 15.
11
What is the remainder when 14621 is divided by 8?
5
What is the remainder when 178 is divided by 38?
26
Calculate the remainder when 865 is divided by 363.
139
What is the remainder when 75 is divided by 22?
9
Calculate the remainder when 1193 is divided by 46.
43
What is the remainder when 1359 is divided by 51?
33
Calculate the remainder when 52 is divided by 28.
24
What is the remainder when 4148 is divided by 86?
20
Calculate the remainder when 287 is divided by 77.
56
What is the remainder when 260 is divided by 11?
7
What is the remainder when 159 is divided by 107?
52
What is the remainder when 6091 is divided by 10?
1
Calculate the remainder when 101 is divided by 15.
11
Calculate the remainder when 609 is divided by 47.
45
Calculate the remainder when 829 is divided by 38.
31
What is the remainder when 587 is divided by 82?
13
Calculate the remainder when 2132 is divided by 63.
53
Calculate the remainder when 223 is divided by 116.
107
Calculate the remainder when 28 is divided by 18.
10
What is the remainder when 13857 is divided by 28?
25
Calculate the remainder when 10072 is divided by 210.
202
Calculate the remainder when 527 is divided by 154.
65
Calculate the remainder when 664 is divided by 3.
1
Calculate the remainder when 3453 is divided by 9.
6
What is the remainder when 63 is divided by 22?
19
What is the remainder when 680 is divided by 38?
34
Calculate the remainder when 24 is divided by 13.
11
What is the remainder when 233 is divided by 10?
3
Calculate the remainder when 136 is divided by 10.
6
What is the remainder when 324 is divided by 52?
12
What is the remainder when 605 is divided by 31?
16
Calculate the remainder when 254 is divided by 131.
123
Calculate the remainder when 25085 is divided by 256.
253
Calculate the remainder when 1341 is divided by 84.
81
What is the remainder when 133 is divided by 17?
14
What is the remainder when 334 is divided by 167?
0
What is the remainder when 100 is divided by 19?
5
Calculate the remainder when 90 is divided by 33.
24
Calculate the remainder when 353 is divided by 36.
29
What is the remainder when 2019 is divided by 23?
18
Calculate the remainder when 502 is divided by 235.
32
Calculate the remainder when 430 is divided by 367.
63
What is the remainder when 820 is divided by 254?
58
What is the remainder when 221 is divided by 38?
31
What is the remainder when 1155 is divided by 19?
15
Calculate the remainder when 147 is divided by 31.
23
Calculate the remainder when 1066 is divided by 352.
10
What is the remainder when 175 is divided by 30?
25
Calculate the remainder when 367 is divided by 62.
57
Calculate the remainder when 309 is divided by 39.
36
What is the remainder when 334 is divided by 82?
6
What is the remainder when 3345 is divided by 54?
51
What is the remainder when 139 is divided by 7?
6
Calculate the remainder when 265 is divided by 19.
18
What is the remainder when 412 is divided by 158?
96
Calculate the remainder when 51 is divided by 9.
6
What is the remainder when 276 is divided by 42?
24
What is the remainder when 5445 is divided by 42?
27
Calculate the remainder when 109 is divided by 30.
19
Calculate the remainder when 936 is divided by 122.
82
What is the remainder when 547 is divided by 38?
15
What is the remainder when 221 is divided by 114?
107
What is the remainder when 308 is divided by 34?
2
Calculate the remainder when 508 is divided by 102.
100
Calculate the remainder when 1360 is divided by 354.
298
What is the remainder when 173 is divided by 35?
33
Calculate the remainder when 63 is divided by 58.
5
What is the remainder when 353 is divided by 34?
13
Calculate the remainder when 1063 is divided by 354.
1
Calculate the remainder when 388 is divided by 13.
11
Calculate the remainder when 1040 is divided by 1028.
12
Calculate the remainder when 238 is divided by 47.
3
What is the remainder when 2375 is divided by 12?
11
What is the remainder when 151 is divided by 46?
13
Calculate the remainder when 212 is divided by 46.
28
Calculate the remainder when 28 is divided by 12.
4
Calculate the remainder when 428 is divided by 39.
38
What is the remainder when 13602 is divided by 189?
183
Calculate the remainder when 191 is divided by 57.
20
Calculate the remainder when 73 is divided by 11.
7
What is the remainder when 1234 is divided by 95?
94
Calculate the remainder when 201 is divided by 75.
51
Calculate the remainder when 1238 is divided by 48.
38
What is the remainder when 1200 is divided by 100?
0
Calculate the remainder when 12 is divided by 12.
0
What is the remainder when 156 is divided by 38?
4
What is the remainder when 300 is divided by 52?
40
Calculate the remainder when 192 is divided by 19.
2
Calculate the remainder when 144 is divided by 22.
12
Calculate the remainder when 382 is divided by 93.
10
Calculate the remainder when 5595 is divided by 311.
308
What is the remainder when 360 is divided by 50?
10
Calculate the remainder when 2797 is divided by 35.
32
What is the remainder when 8549 is divided by 9?
8
Calculate the remainder when